/16 - 148/(-16). What is the greatest common divisor of a and x?
10
Suppose -4*b - 18 = -y, 2*b - 40 = -3*y - 0*b. Let u be (-4)/(-4)*-2 - -4. Calculate the greatest common divisor of y and u.
2
Suppose 0 = -4*l + 71 - 11. Calculate the greatest common divisor of l and 75.
15
Suppose -4*t - 3 = -5*t. Let k be 14 + (1 + -1)/1. Suppose k = 5*y - 1. What is the highest common factor of t and y?
3
Suppose 138 = 4*a - 2*w, 2*a + 3*w - 72 = 5*w. Suppose a = 4*r + 5*g, -2*g + 18 = r + r. What is the greatest common factor of r and 108?
12
Let c(b) = 9 - 4*b - b**2 - 2 + 6*b + 9*b. Let m be c(9). Suppose 2*i - 24 + 4 = 0. What is the greatest common factor of i and m?
5
Let d(c) = c**2 - 9*c + 2. Let l be d(10). Suppose 20 = -6*r + 308. Calculate the greatest common divisor of l and r.
12
Let s = 38 - 5. What is the highest common factor of s and 132?
33
Let d be 4/6 - 140/21. Let y(n) = n**2 + 2*n + 9. Let h be y(d). Suppose -5*x - h = -2*l - l, 6 = -2*x. Calculate the highest common factor of 12 and l.
6
Let o = 1 + 1. Let t = 18 - 16. Calculate the highest common divisor of o and t.
2
Suppose -2 = 2*r, 0 = -4*c - 0*c - r - 25. Let s(x) = x**3 + 7*x**2 + 7*x + 7. Let w be s(c). Calculate the greatest common divisor of 11 and w.
1
Let n(p) = 2*p**2 - 2*p - 12. Let q be n(5). What is the greatest common factor of 70 and q?
14
Let o = 19 - 2. Suppose x + o = 2*x. Let l = x + 0. Calculate the greatest common factor of 85 and l.
17
Let h be (5/10*18)/3. What is the highest common factor of h and 69?
3
Suppose 11*d + 595 = 18*d. Calculate the greatest common divisor of d and 17.
17
Let d(y) = 5*y + 4. Let p be d(7). Calculate the highest common factor of p and 3.
3
Let v(w) = -6*w**3 - 15*w**2 + 4*w. Let c be v(-3). Let f = 35 - 5. Calculate the highest common divisor of f and c.
15
Let m = 0 + 3. Suppose 4*s - 109 = s - 2*a, 2*a + 89 = m*s. Calculate the highest common factor of 11 and s.
11
Let t = 142 + -43. Calculate the greatest common divisor of 9 and t.
9
Suppose 11 = 4*p - 37. Let a = -1 - -1. Suppose -7*w + 2*w + 420 = a. Calculate the greatest common factor of w and p.
12
Suppose 0*l + 8 = 4*q + 2*l, -q - 5 = -3*l. Let d = 11 + q. Suppose -5*h - 258 = 5*m - 933, 3*h - 9 = 0. Calculate the greatest common factor of m and d.
12
Let n be 32*(-4 + 27/6). Calculate the highest common factor of n and 2.
2
Suppose -v + 205 = 2*b, b + 0*b - 80 = 4*v. Calculate the greatest common factor of 20 and b.
20
Let c be 2/(-6) - (-870)/18. Let d(j) = 3*j**3 + j**2 + 3*j - 2. Let v be 4/4*(-4)/(-2). Let o be d(v). What is the greatest common divisor of c and o?
16
Let t = -26 - -36. Suppose 58 - t = 3*v. What is the highest common divisor of v and 8?
8
Let m = -77 - -99. What is the greatest common factor of m and 154?
22
Suppose 0 = -q - 3*r + 1, 3*r - r = -2*q + 18. Let k be 7/3 - (-8)/12. Let j be ((-26)/k)/(4/(-6)). Calculate the highest common divisor of j and q.
13
Suppose 0 = 5*k + 4*m - 430 - 396, -8 = -2*m. Let s = 14 + 4. Calculate the highest common divisor of s and k.
18
Let f(n) be the third derivative of n**5/60 - n**4/24 + n**3/2 + 4*n**2. Let s be f(0). What is the highest common divisor of 15 and s?
3
Let d(g) = 3*g**2 - 3. Let o be d(-5). Suppose 0 = -3*n - 4*k + 52, -5*k = n + 3*n - 71. What is the highest common divisor of n and o?
24
Let j be (2/7)/(1/7). Suppose -3*k = -0*k + 3*u + 3, 2*k + u = j. Let f be 3/(2/(36/k)). Calculate the highest common divisor of 9 and f.
9
Let p(f) = -f**2 - 7*f - 4. Let k be p(-6). Suppose 2*z = -2*r - 2*z + k, r = -3*z. What is the highest common factor of 12 and r?
3
Let j(s) = -s**3 - 5*s**2 + s + 1. Let g be j(-5). Let y be 2 + g + (-1 - -300). Calculate the highest common factor of 27 and y.
27
Let d = -44 - -86. Let c = -13 + d. What is the highest common factor of c and 232?
29
Let n = 133 + -76. Calculate the highest common factor of n and 627.
57
Suppose -5*h + 5*d + 280 = 0, 3*h - h - 84 = -5*d. Calculate the highest common factor of h and 156.
52
Let q(h) = -h**3 + 2*h**2 + 4*h - 4. Let a be q(-4). Calculate the greatest common factor of a and 190.
38
Let i(l) = -l**2 + 10*l - 1. Let x be i(10). Let c(b) = 90*b**2 + b + 1. Let t be c(x). Calculate the greatest common factor of t and 18.
18
Let q(p) = p**3 + 5*p**2 - p + 1. Let u be q(-5). Let a = -4 + u. Suppose 2*b + 2 = -2*d, 3*d + 2*b - 7 = -2*d. What is the greatest common factor of a and d?
1
Let f(l) = -l**2 - 17*l - 15. Let b be f(-15). What is the greatest common factor of b and 45?
15
Suppose -4*z - 36 = 336. Let w = z - -163. Calculate the greatest common divisor of 14 and w.
14
Let a be ((-3)/2)/((-6)/4). Calculate the highest common divisor of 5 and a.
1
Suppose 3*s - 5 + 2 = 0. Let p = 1 - s. Suppose p = -0*h - 3*h + 72. Calculate the highest common factor of h and 36.
12
Let q be 13/(-1) - (-2 + 4). Let k = -9 - q. Let p = 7 + 11. What is the highest common factor of p and k?
6
Let s = 20 - -6. What is the highest common divisor of 26 and s?
26
Let r = -37 - -92. Suppose 5*v + 3 = 28. Calculate the greatest common factor of v and r.
5
Let p = 1 - -59. Calculate the greatest common divisor of p and 48.
12
Let z(g) = -g**3 + 3*g**2 + 3*g + 4. Let j be z(4). Suppose j*y = -2*y + 38. Calculate the greatest common factor of y and 57.
19
Suppose 4*m - 16 = 4*o - 124, 0 = 4*o + 2*m - 114. Calculate the highest common factor of o and 4.
4
Suppose -4*i + 2*a = -72, -4*a + 19 - 99 = -4*i. Suppose 0 = -3*f + 52 - i. Calculate the greatest common divisor of 108 and f.
12
Let d = 116 - 112. Calculate the greatest common factor of d and 4.
4
Let h(u) be the second derivative of -u**4/12 + u**3 + 3*u**2/2 - u. Let a be h(6). Let x be a*5*8/3. Calculate the greatest common divisor of 16 and x.
8
Let f be 116/12 - (-3)/9. What is the highest common divisor of 40 and f?
10
Suppose -2*y + 428 = 2*y. Suppose -4*n - 24 = -a + 27, 2*a - 3*n = y. What is the greatest common divisor of a and 5?
5
Suppose -558 = -6*r - 108. Calculate the greatest common divisor of r and 50.
25
Let u = 60 + -36. Let l(y) = 9*y**2 + 2*y + 1. Let d be l(-1). What is the highest common factor of u and d?
8
Suppose 0 = v + 18 + 13. Suppose -82 = 4*a - 446. Let p = v + a. What is the highest common factor of 15 and p?
15
Suppose w = -3*w + 36. Let s = w + -6. Suppose 4*a + 50 = 7*a + 5*k, 106 = 5*a - s*k. What is the highest common divisor of 5 and a?
5
Let a = 101 + 19. Suppose -6*z + 3*z + 72 = 0. Calculate the greatest common factor of a and z.
24
Suppose w = -2*s - 0*s + 18, w = 3*s + 18. What is the highest common divisor of w and 36?
18
Let x(z) = -4*z + 11. Let q be x(-5). Suppose -k = -2*k + q. Calculate the greatest common factor of k and 341.
31
Suppose s + 3*s = 532. Let g = 191 - s. Calculate the highest common factor of 145 and g.
29
Let c be 10/6 - ((-35)/15 - -1). Let g = 1 + 5. Calculate the greatest common divisor of c and g.
3
Suppose 29 - 1 = 4*c. Let g(m) = -m**3 + 5*m**2. Let f be g(5). Let l = c + f. What is the highest common divisor of 14 and l?
7
Let l = 0 - -4. Suppose -x = 4*v + 16, -x = -l*x - 2*v - 18. Let m = x - -6. Calculate the greatest common factor of 3 and m.
1
Suppose 3*v - 4*v + 26 = 0. What is the highest common factor of 286 and v?
26
Suppose -4*p = 3*c - 16, -2*c = -0*p - 2*p + 8. Let u = 103 + -39. Suppose 4*x - 2*x - u = 0. Calculate the highest common divisor of x and p.
4
Suppose 2*f - 38 = 28. What is the greatest common factor of 132 and f?
33
Let n(r) = 2*r + 21. Let q be n(-4). Calculate the highest common factor of q and 13.
13
Suppose -3*g - 3 = -4*g. Let m be (3/g)/(2/144). Suppose v + 0*v - m = 0. Calculate the greatest common divisor of v and 8.
8
Let c be (-1)/(-7) + (-747)/(-63). What is the greatest common divisor of 12 and c?
12
Let t = -8 + 7. Let l(a) = -153*a**3 + a. Let u be l(t). What is the greatest common divisor of u and 19?
19
Let c(y) = -y**2 - y. Let k be c(0). Let b(h) = -h**3 + h**2 + h + 3*h**3 + 13 - 3*h**3. Let i be b(k). What is the highest common divisor of i and 130?
13
Let h(r) = 6*r - 20. Let p be h(6). What is the highest common factor of 2 and p?
2
Suppose 0 = -5*x + j - 3*j + 20, 3*x = 4*j + 12. Suppose 0 = -n - 5*m + 19, -13 = -2*n - 3*m + 4. What is the greatest common factor of n and x?
4
Suppo